09 is divided by 43009?
4
Calculate the remainder when 452218 is divided by 9044.
18
Calculate the remainder when 16015979 is divided by 107.
5
What is the remainder when 3646789 is divided by 18418?
25
Calculate the remainder when 72336897 is divided by 300.
297
Calculate the remainder when 6676531 is divided by 3338236.
59
Calculate the remainder when 412794 is divided by 206383.
28
Calculate the remainder when 18011804 is divided by 95.
89
What is the remainder when 477514 is divided by 823?
174
Calculate the remainder when 1352174 is divided by 1907.
111
Calculate the remainder when 135197 is divided by 7113.
50
Calculate the remainder when 2243 is divided by 2095.
148
What is the remainder when 34834779 is divided by 175?
154
What is the remainder when 31705 is divided by 377?
37
Calculate the remainder when 2541004 is divided by 11000.
4
Calculate the remainder when 8091025 is divided by 12662.
7
Calculate the remainder when 1975 is divided by 362.
165
Calculate the remainder when 22284 is divided by 251.
196
What is the remainder when 1152424 is divided by 230484?
4
What is the remainder when 156036808 is divided by 1677815?
13
Calculate the remainder when 3366972 is divided by 480996.
0
Calculate the remainder when 1202780 is divided by 371.
369
Calculate the remainder when 50757092 is divided by 53.
52
What is the remainder when 656042 is divided by 1454?
288
What is the remainder when 6043534 is divided by 863359?
21
Calculate the remainder when 543803 is divided by 135871.
319
Calculate the remainder when 67487 is divided by 3422.
2469
What is the remainder when 5456163 is divided by 319?
306
Calculate the remainder when 428467 is divided by 235.
62
Calculate the remainder when 3733038 is divided by 1244264.
246
Calculate the remainder when 2238419 is divided by 579.
5
Calculate the remainder when 31073 is divided by 585.
68
Calculate the remainder when 19566 is divided by 1175.
766
What is the remainder when 146085 is divided by 48624?
213
What is the remainder when 536522 is divided by 32?
10
Calculate the remainder when 5429 is divided by 1224.
533
What is the remainder when 23893929 is divided by 65?
59
What is the remainder when 855934 is divided by 267?
199
What is the remainder when 4111310 is divided by 30?
20
Calculate the remainder when 795960 is divided by 795951.
9
What is the remainder when 339234 is divided by 531?
456
Calculate the remainder when 4232917 is divided by 4232895.
22
Calculate the remainder when 114900921 is divided by 27.
18
What is the remainder when 866527 is divided by 19?
13
What is the remainder when 37075 is divided by 114?
25
Calculate the remainder when 552994 is divided by 138102.
586
What is the remainder when 241673 is divided by 102?
35
Calculate the remainder when 41892611 is divided by 222833.
7
Calculate the remainder when 29784466 is divided by 2640.
2626
Calculate the remainder when 74944322 is divided by 909.
908
What is the remainder when 332316 is divided by 292?
20
What is the remainder when 52199305 is divided by 2208?
2185
Calculate the remainder when 67025381 is divided by 642.
581
What is the remainder when 1042006 is divided by 520006?
1994
What is the remainder when 652273 is divided by 163066?
9
What is the remainder when 11234 is divided by 5331?
572
What is the remainder when 6813458 is divided by 1703347?
70
What is the remainder when 275064 is divided by 5294?
5070
What is the remainder when 32619 is divided by 6516?
39
Calculate the remainder when 117395 is divided by 124.
91
Calculate the remainder when 34552326 is divided by 34.
30
Calculate the remainder when 1201506 is divided by 1200911.
595
What is the remainder when 21899517 is divided by 5930?
27
Calculate the remainder when 111971 is divided by 21961.
2166
Calculate the remainder when 12804310 is divided by 7581.
1
Calculate the remainder when 194733 is divided by 38.
21
What is the remainder when 13330064 is divided by 13329961?
103
What is the remainder when 76376 is divided by 69431?
6945
What is the remainder when 2952713 is divided by 2634?
2633
Calculate the remainder when 24894479 is divided by 39.
38
Calculate the remainder when 40130 is divided by 40106.
24
Calculate the remainder when 69982 is divided by 758.
246
Calculate the remainder when 893709 is divided by 893669.
40
What is the remainder when 110433173 is divided by 48161?
0
Calculate the remainder when 1020338 is divided by 204067.
3
What is the remainder when 21427 is divided by 826?
777
Calculate the remainder when 191815821 is divided by 192393.
0
Calculate the remainder when 1139610575 is divided by 8.
7
What is the remainder when 16266399 is divided by 6875?
149
Calculate the remainder when 288664 is divided by 26067.
1927
What is the remainder when 16612 is divided by 1822?
214
Calculate the remainder when 24875947 is divided by 680.
187
What is the remainder when 43806233 is divided by 69?
65
What is the remainder when 36005 is divided by 8923?
313
Calculate the remainder when 46800620 is divided by 6685801.
13
Calculate the remainder when 2135236 is divided by 97052.
92
Calculate the remainder when 286689 is divided by 1924.
13
Calculate the remainder when 8921284 is divided by 2310.
64
Calculate the remainder when 203928 is divided by 18536.
32
Calculate the remainder when 3557176 is divided by 418.
414
Calculate the remainder when 779504 is divided by 785.
784
What is the remainder when 1394126 is divided by 232012?
2054
What is the remainder when 11637 is divided by 676?
145
What is the remainder when 344678 is divided by 182?
152
Calculate the remainder when 12637651 is divided by 252.
103
What is the remainder when 56329 is divided by 28121?
87
Calculate the remainder when 2841964 is divided by 118414.
28
Calculate the remainder when 2510899 is divided by 425.
424
What is the remainder when 45923533 is divided by 15?
13
What is the remainder when 61294208 is divided by 378?
374
What is the remainder when 509506 is divided by 541?
425
Calculate the remainder when 235967 is divided by 78654.
5
Calculate the remainder when 45688 is divided by 11403.
76
Calculate the remainder when 264979 is divided by 2676.
55
What is the remainder when 600970 is divided by 1136?
26
Calculate the remainder when 1859914 is divided by 28180.
34
What is the remainder when 28467 is divided by 28278?
189
What is the remainder when 149518 is divided by 37356?
94
Calculate the remainder when 294360439 is divided by 506.
505
Calculate the remainder when 3499142 is divided by 1166.
1142
Calculate the remainder when 15645 is divided by 1566.
1551
Calculate the remainder when 153774 is divided by 11.
5
What is the remainder when 15774 is divided by 2391?
1428
What is the remainder when 510533 is divided by 33976?
893
What is the remainder when 2445217 is divided by 6811?
68
What is the remainder when 4598423 is divided by 428?
419
What is the remainder when 4154267 is divided by 4565?
117
Calculate the remainder when 87609 is divided by 7226.
897
Calculate the remainder when 1211201 is divided by 242207.
166
Calculate the remainder when 34772652 is divided by 51745.
12
What is the remainder when 97121 is divided by 2097?
659
What is the remainder when 18265 is divided by 2628?
2497
What is the remainder when 1103126 is divided by 106?
90
What is the remainder when 2326607 is divided by 15107?
129
Calculate the remainder when 2071240 is divided by 5065.
4720
Calculate the remainder when 119473 is divided by 1981.
613
Calculate the remainder when 11464654 is divided by 64772.
10
Calculate the remainder when 41496261 is divided by 36.
33
Calculate the remainder when 1385341 is divided by 560.
461
Calculate the remainder when 577558 is divided by 7804.
62
Calculate the remainder when 1685818 is divided by 208.
186
What is the remainder when 89500 is divided by 496?
220
Calculate the remainder when 11330694 is divided by 6362.
6334
What is the remainder when 10006925 is divided by 526680?
5
Calculate the remainder when 160994 is divided by 12365.
249
Calculate the remainder when 3290662 is divided by 305.
17
What is the remainder when 117673 is divided by 57?
25
Calculate the remainder when 1706446 is divided by 853112.
222
Calculate the remainder when 12747744 i